{"id":577,"date":"2026-02-23T09:04:26","date_gmt":"2026-02-23T09:04:26","guid":{"rendered":"https:\/\/marketauto.ba\/?page_id=577"},"modified":"2026-02-23T09:11:23","modified_gmt":"2026-02-23T09:11:23","slug":"leasing-kupovina","status":"publish","type":"page","link":"https:\/\/marketauto.ba\/?page_id=577","title":{"rendered":"Leasing kupovina"},"content":{"rendered":"\t\t<div data-elementor-type=\"wp-page\" data-elementor-id=\"577\" class=\"elementor elementor-577\">\n\t\t\t\t<div class=\"elementor-element elementor-element-4eb2526 e-flex e-con-boxed e-con e-parent\" data-id=\"4eb2526\" data-element_type=\"container\" data-e-type=\"container\">\n\t\t\t\t\t<div class=\"e-con-inner\">\n\t\t\t\t<div class=\"elementor-element elementor-element-78f8d95 elementor-widget elementor-widget-image\" data-id=\"78f8d95\" data-element_type=\"widget\" data-e-type=\"widget\" data-widget_type=\"image.default\">\n\t\t\t\t<div class=\"elementor-widget-container\">\n\t\t\t\t\t\t\t\t\t\t\t\t\t\t\t<img fetchpriority=\"high\" decoding=\"async\" width=\"1640\" height=\"924\" src=\"https:\/\/marketauto.ba\/wp-content\/uploads\/2026\/02\/Leasing-baner.png\" class=\"attachment-full size-full wp-image-578\" alt=\"\" srcset=\"https:\/\/marketauto.ba\/wp-content\/uploads\/2026\/02\/Leasing-baner.png 1640w, https:\/\/marketauto.ba\/wp-content\/uploads\/2026\/02\/Leasing-baner-300x169.png 300w, https:\/\/marketauto.ba\/wp-content\/uploads\/2026\/02\/Leasing-baner-1024x577.png 1024w, https:\/\/marketauto.ba\/wp-content\/uploads\/2026\/02\/Leasing-baner-768x433.png 768w, https:\/\/marketauto.ba\/wp-content\/uploads\/2026\/02\/Leasing-baner-1536x865.png 1536w, https:\/\/marketauto.ba\/wp-content\/uploads\/2026\/02\/Leasing-baner-320x180.png 320w\" sizes=\"(max-width: 1640px) 100vw, 1640px\" \/>\t\t\t\t\t\t\t\t\t\t\t\t\t\t\t<\/div>\n\t\t\t\t<\/div>\n\t\t\t\t\t<\/div>\n\t\t\t\t<\/div>\n\t\t<div class=\"elementor-element elementor-element-173c1db e-flex e-con-boxed e-con e-parent\" data-id=\"173c1db\" data-element_type=\"container\" data-e-type=\"container\">\n\t\t\t\t\t<div class=\"e-con-inner\">\n\t\t\t\t<div class=\"elementor-element elementor-element-0b0f1a0 elementor-widget elementor-widget-text-editor\" data-id=\"0b0f1a0\" data-element_type=\"widget\" data-e-type=\"widget\" data-widget_type=\"text-editor.default\">\n\t\t\t\t<div class=\"elementor-widget-container\">\n\t\t\t\t\t\t\t\t\t<h1><strong>Vozite Va\u0161 San Danas: Fleksibilan Leasing Vozila uz MARKETAUTO!<\/strong><\/h1><p>Tra\u017eite jednostavno, brzo i povoljno rje\u0161enje za kupovinu va\u0161eg novog ili provjerenog polovnog vozila? MARKETAUTO, u saradnji sa na\u0161im pouzdanim leasing partnerima, nudi vam transparentne i fleksibilne opcije finansiranja koje \u0107e vas odvesti na put u va\u0161em idealnom automobilu \u2013 bez kompromisa!<\/p><p>Bilo da ste fizi\u010dko lice, preduze\u0107e ili obrtnik, leasing je savremeni na\u010din da do\u0111ete do vozila koje \u017eelite, uz optimalno upravljanje va\u0161im finansijama.<\/p><hr \/><h3><strong>Za\u0161to Odabrati Leasing Kupovinu Vozila?<\/strong><\/h3><p>Sa nama i Leasingom, put do va\u0161eg novog automobila je jednostavniji nego \u0161to mislite. Evo klju\u010dnih prednosti:<\/p><ul><li><strong>Finansijska Fleksibilnost:<\/strong>\u00a0Finansirajte do\u00a0<strong>100% vrijednosti vozila<\/strong>\u00a0i sa\u010duvajte svoj kapital za druge investicije. Mogu\u0107nost u\u010de\u0161\u0107a ve\u0107 od 10%.<\/li><li><strong>Jednostavna i Brza Procedura:<\/strong>\u00a0Zaboravite na dugu papirologiju! Na\u0161a procedura je maksimalno pojednostavljena za brzu realizaciju va\u0161eg zahtjeva.<\/li><li><strong>Prilago\u0111eni Rokovi Otplate:<\/strong>\u00a0Odaberite rok otplate do\u00a0<strong>7 godina<\/strong>\u00a0(84 mjeseca) koji najbolje odgovara va\u0161em bud\u017eetu i ritmu.<\/li><li><strong>Jasni Uslovi:<\/strong>\u00a0U\u017eivajte u fiksnoj ili promjenljivoj kamatnoj stopi, uz transparentne tro\u0161kove obrade (od 1% do 1.5%) i depozita za osiguranje (od 2% do 3%).<\/li><li><strong>Vlasni\u0161tvo po Isteku Ugovora:<\/strong>\u00a0Kod finansijskog leasinga, vozilo automatski postaje va\u0161e vlasni\u0161tvo po isteku ugovora, bez dodatnih komplikacija.<\/li><li><strong>Registracija i Osiguranje na Va\u0161e Ime:<\/strong>\u00a0Sve obaveze oko registracije i osiguranja vozila vr\u0161e se na ime korisnika leasinga.<\/li><li><strong>\u0160irok Izbor Vozila:<\/strong>\u00a0Bilo da ste zainteresovani za najnovije modele ili za provjerena polovna vozila iz na\u0161e ponude, leasing je idealno rje\u0161enje.<\/li><\/ul><hr \/><h3><strong>Kako Funkcioni\u0161e Leasing Kupovina Kod Nas?<\/strong><\/h3><p>Proces je dizajniran da bude \u0161to jednostavniji za vas:<\/p><ol><li><strong>Odaberite Vozilo:<\/strong>\u00a0Posjetite na\u0161 salon ili pretra\u017eite na\u0161u online ponudu i prona\u0111ite automobil iz snova. Na\u0161 tim \u0107e vam pomo\u0107i u izboru.<\/li><li><strong>Konsultacija i Ponuda:<\/strong>\u00a0Na\u0161i stru\u010dnjaci \u0107e vam pru\u017eiti sve potrebne informacije, odgovoriti na pitanja i pripremiti personalizovanu ponudu leasinga koja odgovara va\u0161im finansijskim mogu\u0107nostima.<\/li><li><strong>Jednostavna Aplikacija:<\/strong> Uz na\u0161u podr\u0161ku, prikupite potrebnu dokumentaciju i popunite zahtjev za leasing. Mi \u0107emo se pobrinuti za komunikaciju sa Leasing ku\u0107om.<\/li><li><strong>Brzo Odobrenje:<\/strong> Nakon \u0161to Leasing odobri va\u0161 zahtjev, slijedi potpisivanje ugovora.<\/li><li><strong>Preuzmite Klju\u010deve:<\/strong>\u00a0\u010cestitamo! Va\u0161e novo vozilo je spremno za preuzimanje.<\/li><\/ol><hr \/><h3><strong>Zapo\u010dnite Va\u0161u Vo\u017enju Danas!<\/strong><\/h3><p>Ne odla\u017eite kupovinu automobila koji zaslu\u017eujete. Kontaktirajte nas ili nas posjetite u na\u0161em salonu ve\u0107 danas. Na\u0161 stru\u010dni tim je spreman da odgovori na sva va\u0161a pitanja i pomogne vam da ostvarite kupovinu vozila putem najpovoljnijeg leasinga.<\/p>\t\t\t\t\t\t\t\t<\/div>\n\t\t\t\t<\/div>\n\t\t\t\t\t<\/div>\n\t\t\t\t<\/div>\n\t\t\t\t<section class=\"elementor-section elementor-top-section elementor-element elementor-element-460ec601 elementor-section-boxed elementor-section-height-default elementor-section-height-default\" data-id=\"460ec601\" data-element_type=\"section\" data-e-type=\"section\" data-settings=\"{&quot;background_background&quot;:&quot;classic&quot;}\">\n\t\t\t\t\t\t<div class=\"elementor-container elementor-column-gap-default\">\n\t\t\t\t\t<div class=\"elementor-column elementor-col-100 elementor-top-column elementor-element elementor-element-1d581695\" data-id=\"1d581695\" data-element_type=\"column\" data-e-type=\"column\">\n\t\t\t<div class=\"elementor-widget-wrap elementor-element-populated\">\n\t\t\t\t\t\t<div class=\"elementor-element elementor-element-622b6ef1 elementor-widget elementor-widget-image\" data-id=\"622b6ef1\" data-element_type=\"widget\" data-e-type=\"widget\" data-widget_type=\"image.default\">\n\t\t\t\t<div class=\"elementor-widget-container\">\n\t\t\t\t\t\t\t\t\t\t\t\t\t\t\t\t<a href=\"https:\/\/fca-bih.ba\/\">\n\t\t\t\t\t\t\t<img decoding=\"async\" width=\"940\" height=\"388\" src=\"https:\/\/marketauto.ba\/wp-content\/uploads\/2026\/02\/FCA-BANER.png\" class=\"attachment-large size-large wp-image-335\" alt=\"\" srcset=\"https:\/\/marketauto.ba\/wp-content\/uploads\/2026\/02\/FCA-BANER.png 940w, https:\/\/marketauto.ba\/wp-content\/uploads\/2026\/02\/FCA-BANER-300x124.png 300w, https:\/\/marketauto.ba\/wp-content\/uploads\/2026\/02\/FCA-BANER-768x317.png 768w\" sizes=\"(max-width: 940px) 100vw, 940px\" \/>\t\t\t\t\t\t\t\t<\/a>\n\t\t\t\t\t\t\t\t\t\t\t\t\t\t\t<\/div>\n\t\t\t\t<\/div>\n\t\t\t\t<div class=\"elementor-element elementor-element-7d9b5adc elementor-widget elementor-widget-text-editor\" data-id=\"7d9b5adc\" data-element_type=\"widget\" data-e-type=\"widget\" data-widget_type=\"text-editor.default\">\n\t\t\t\t<div class=\"elementor-widget-container\">\n\t\t\t\t\t\t\t\t\t<h1><a href=\"https:\/\/fca-bih.ba\/\"><b>FCA Grupacija<\/b><\/a><\/h1>\t\t\t\t\t\t\t\t<\/div>\n\t\t\t\t<\/div>\n\t\t\t\t<div class=\"elementor-element elementor-element-3f8c3892 elementor-widget elementor-widget-text-editor\" data-id=\"3f8c3892\" data-element_type=\"widget\" data-e-type=\"widget\" data-widget_type=\"text-editor.default\">\n\t\t\t\t<div class=\"elementor-widget-container\">\n\t\t\t\t\t\t\t\t\t<p><strong>Fiat, Fiat Professional, Jeep, Alfa Romeo -<\/strong> putni\u010dka i laka dostavna vozila.<\/p>\t\t\t\t\t\t\t\t<\/div>\n\t\t\t\t<\/div>\n\t\t\t\t<div class=\"elementor-element elementor-element-66b5c3c3 elementor-widget elementor-widget-button\" data-id=\"66b5c3c3\" data-element_type=\"widget\" data-e-type=\"widget\" data-widget_type=\"button.default\">\n\t\t\t\t<div class=\"elementor-widget-container\">\n\t\t\t\t\t\t\t\t\t<div class=\"elementor-button-wrapper\">\n\t\t\t\t\t<a class=\"elementor-button elementor-button-link elementor-size-sm\" href=\"https:\/\/fca-bih.ba\/\">\n\t\t\t\t\t\t<span class=\"elementor-button-content-wrapper\">\n\t\t\t\t\t\t\t\t\t<span class=\"elementor-button-text\">Pogledaj ponudu<\/span>\n\t\t\t\t\t<\/span>\n\t\t\t\t\t<\/a>\n\t\t\t\t<\/div>\n\t\t\t\t\t\t\t\t<\/div>\n\t\t\t\t<\/div>\n\t\t\t\t\t<\/div>\n\t\t<\/div>\n\t\t\t\t\t<\/div>\n\t\t<\/section>\n\t\t\t\t<\/div>\n\t\t","protected":false},"excerpt":{"rendered":"<p>Vozite Va\u0161 San Danas: Fleksibilan Leasing Vozila uz MARKETAUTO! Tra\u017eite jednostavno, brzo i povoljno rje\u0161enje za kupovinu va\u0161eg novog ili provjerenog polovnog vozila? MARKETAUTO, u saradnji sa na\u0161im pouzdanim leasing partnerima, nudi vam transparentne i fleksibilne opcije finansiranja koje \u0107e vas odvesti na put u va\u0161em idealnom automobilu \u2013 bez kompromisa! Bilo da ste fizi\u010dko [&hellip;]<\/p>\n","protected":false},"author":1,"featured_media":578,"parent":0,"menu_order":0,"comment_status":"closed","ping_status":"closed","template":"","meta":{"footnotes":""},"class_list":["post-577","page","type-page","status-publish","has-post-thumbnail","hentry"],"_links":{"self":[{"href":"https:\/\/marketauto.ba\/index.php?rest_route=\/wp\/v2\/pages\/577","targetHints":{"allow":["GET"]}}],"collection":[{"href":"https:\/\/marketauto.ba\/index.php?rest_route=\/wp\/v2\/pages"}],"about":[{"href":"https:\/\/marketauto.ba\/index.php?rest_route=\/wp\/v2\/types\/page"}],"author":[{"embeddable":true,"href":"https:\/\/marketauto.ba\/index.php?rest_route=\/wp\/v2\/users\/1"}],"replies":[{"embeddable":true,"href":"https:\/\/marketauto.ba\/index.php?rest_route=%2Fwp%2Fv2%2Fcomments&post=577"}],"version-history":[{"count":4,"href":"https:\/\/marketauto.ba\/index.php?rest_route=\/wp\/v2\/pages\/577\/revisions"}],"predecessor-version":[{"id":586,"href":"https:\/\/marketauto.ba\/index.php?rest_route=\/wp\/v2\/pages\/577\/revisions\/586"}],"wp:featuredmedia":[{"embeddable":true,"href":"https:\/\/marketauto.ba\/index.php?rest_route=\/wp\/v2\/media\/578"}],"wp:attachment":[{"href":"https:\/\/marketauto.ba\/index.php?rest_route=%2Fwp%2Fv2%2Fmedia&parent=577"}],"curies":[{"name":"wp","href":"https:\/\/api.w.org\/{rel}","templated":true}]}}